27.
27
Calculate the highest common divisor of 28614 and 13262.
38
Calculate the greatest common factor of 18837520 and 16520.
2360
What is the greatest common divisor of 21015022 and 392?
98
Calculate the highest common divisor of 255258 and 57072.
174
What is the greatest common factor of 1227790 and 1652?
118
Calculate the greatest common divisor of 210 and 8725794.
42
Calculate the highest common factor of 6 and 216963249.
3
Calculate the greatest common factor of 12811 and 140521631.
557
What is the greatest common factor of 4494008 and 920?
8
Calculate the greatest common divisor of 155607042 and 186.
186
What is the highest common divisor of 59342448 and 240?
48
What is the highest common factor of 1155 and 155100935?
55
What is the highest common factor of 18584326 and 1742?
134
What is the greatest common factor of 32 and 1946392?
8
What is the highest common divisor of 15222 and 4945344?
258
Calculate the greatest common divisor of 1131714 and 351.
9
Calculate the highest common divisor of 12922 and 5643222.
1846
What is the highest common factor of 29234 and 427003?
311
Calculate the highest common divisor of 64585818 and 126874.
1738
What is the highest common factor of 36 and 13644810?
18
Calculate the greatest common factor of 112 and 997465.
7
What is the greatest common factor of 726 and 311147628?
726
What is the highest common divisor of 35630 and 228705407?
3563
What is the highest common divisor of 128 and 10718064?
16
What is the highest common factor of 195465081 and 1797?
1797
Calculate the highest common factor of 12088 and 29272.
8
What is the highest common factor of 918 and 36981426?
102
Calculate the highest common factor of 3314201 and 935.
187
What is the highest common divisor of 187308 and 108360?
1548
What is the greatest common divisor of 262602 and 4914872?
3242
Calculate the greatest common divisor of 25 and 7875155.
5
What is the highest common factor of 29710 and 26750?
10
What is the greatest common factor of 143220 and 4532?
44
What is the greatest common divisor of 9135 and 3538?
29
Calculate the greatest common divisor of 2654586 and 561.
33
Calculate the highest common factor of 28750711 and 44.
11
Calculate the greatest common divisor of 112016359 and 182.
91
Calculate the highest common divisor of 1286047 and 14063.
287
Calculate the highest common factor of 1466600 and 30440.
40
Calculate the highest common divisor of 3355065 and 1155.
105
Calculate the greatest common divisor of 275615623 and 29.
29
What is the highest common factor of 54608 and 39472?
16
Calculate the highest common divisor of 568759458 and 6.
6
Calculate the greatest common factor of 6141600 and 6720.
480
Calculate the greatest common factor of 154580 and 6887980.
2620
Calculate the highest common factor of 410 and 168443375.
205
What is the highest common divisor of 24708 and 1834656?
348
What is the highest common factor of 106718864 and 1176?
392
What is the greatest common factor of 60946654 and 6008?
1502
What is the greatest common factor of 12056182 and 4276?
2138
What is the highest common factor of 38088 and 25?
1
Calculate the greatest common factor of 90112 and 869.
11
What is the greatest common factor of 56 and 5881881600?
56
Calculate the greatest common divisor of 1075887 and 1413.
9
Calculate the greatest common divisor of 4348848 and 3381.
147
Calculate the greatest common factor of 1176 and 47538232.
392
Calculate the highest common factor of 39 and 10736154.
39
Calculate the greatest common divisor of 7340749 and 117.
13
Calculate the highest common factor of 555828 and 3486.
42
What is the highest common divisor of 41076 and 331821?
63
Calculate the highest common factor of 10 and 20009110.
10
Calculate the highest common divisor of 64630062 and 8586.
162
Calculate the greatest common factor of 1639 and 49468.
149
What is the greatest common factor of 198658654 and 16630?
3326
Calculate the highest common factor of 685 and 22058096.
137
What is the highest common divisor of 2244196 and 164?
4
Calculate the highest common divisor of 4662 and 9056712.
1554
What is the greatest common factor of 289604209 and 5458?
2729
What is the greatest common factor of 47629619 and 291?
97
What is the greatest common factor of 9997 and 16510430?
769
What is the highest common factor of 2639235 and 60?
15
What is the greatest common divisor of 38196 and 4356?
36
What is the greatest common factor of 27468506 and 442?
26
What is the greatest common divisor of 2776 and 619144?
8
What is the greatest common divisor of 719601 and 11799?
69
What is the highest common factor of 494 and 1459090750?
494
Calculate the highest common factor of 578448 and 499200.
624
What is the greatest common factor of 9126 and 100818?
54
What is the highest common divisor of 214474 and 250244?
146
What is the highest common factor of 24726915 and 3330?
1665
Calculate the greatest common factor of 26448 and 740772.
228
What is the greatest common factor of 123 and 2366233?
41
What is the highest common factor of 294005 and 2305685?
635
What is the highest common divisor of 17408125 and 23?
23
Calculate the greatest common divisor of 10689 and 63098.
7
Calculate the highest common factor of 3021 and 387771.
57
Calculate the greatest common factor of 27740 and 18677342.
2774
What is the greatest common factor of 2718 and 6802248?
906
What is the greatest common divisor of 5700058 and 224?
14
Calculate the greatest common factor of 257971 and 838742.
269
What is the greatest common factor of 13797 and 494137?
511
Calculate the greatest common factor of 2 and 94457782.
2
Calculate the greatest common factor of 927359916 and 2604.
2604
What is the greatest common divisor of 418302 and 337518?
306
Calculate the greatest common factor of 127681 and 13.
1
Calculate the highest common divisor of 5917935 and 75.
15
Calculate the greatest common factor of 127 and 747776.
127
What is the greatest common factor of 620540 and 95779?
1349
Calculate the greatest common factor of 1845839230 and 19770.
6590
Calculate the greatest common divisor of 79477 and 509903.
893
Calculate the highest common factor of 96 and 9192732.
12
What is the greatest common factor of 328 and 14485218?
82
What is the highest common factor of 3892 and 2352853?
139
What is the highest common divisor of 173252478 and 33929?
917
What is the greatest common factor of 2836336 and 4816?
16
Calculate the highest common divisor of 6313 and 938867.
59
What is the highest common divisor of 41854641 and 69?
69
What is the greatest common divisor of 70716 and 40414692?
996
What is the greatest common divisor of 6455748 and 10556?
1508
What is the greatest common factor of 224 and 6165033?
7
Calculate the highest common divisor of 164365787 and 3229.
3229
What is the greatest common divisor of 64824830 and 1414?
1414
Calculate the greatest common factor of 382800 and 469104.
1392
Calculate the highest common factor of 18853 and 4626748.
1109
What is the greatest common factor of 16647 and 1243871?
179
What is the greatest common divisor of 94171592 and 72?
8
What is the highest common divisor of 256795 and 924209?
253
Calculate the greatest common divisor of 58 and 104786947.
29
Calculate the highest common factor of 4865782 and 74236.
554
Calculate the greatest common divisor of 67494712 and 4083.
1361
What is the highest common divisor of 8842 and 19279981?
4421
What is the highest common divisor of 26 and 426677732?
26
What is the greatest common divisor of 10206 and 1327221?
63
Calculate the highest common factor of 31 and 23911.
1
What is the greatest common factor of 203 and 507087?
7
What is the greatest common divisor of 171849 and 3?
3
Calculate the greatest common factor of 819586 and 1034.
94
Calculate the greatest common factor of 1000241250 and 1380.
690
Calculate the highest common divisor of 102555 and 32121.
387
What is the highest common factor of 1616990 and 35890?
970
Calculate the greatest common divisor of 80 and 8661040.
80
Calculate the highest common factor of 3144239 and 8792.
1099
Calculate the greatest common divisor of 29530 and 476980.
10
What is the greatest common divisor of 30684873 and 2103?
2103
What is the greatest common divisor of 22413342 and 12432?
1554
Calcula